 greatest common factor of k and 58.
29
Let b(h) = h**2 - 9*h - 14. Let d be b(11). What is the greatest common factor of 16 and d?
8
Suppose 5*m - 10 = -55. Let y be (-12)/10*960/m. Calculate the greatest common divisor of 16 and y.
16
Suppose 32*f + 1400 = 37*f. Calculate the highest common factor of 28 and f.
28
Suppose 2*b - 4 - 24 = 3*x, 2*x - 70 = -5*b. Calculate the highest common factor of 2 and b.
2
Suppose 5 = 5*v, -5*d + 2*v + 6 + 2 = 0. Let j = 2 - -8. What is the highest common divisor of d and j?
2
Let k(y) be the first derivative of -21/2*y**2 - 3 - 3*y. Let p be k(-7). Calculate the highest common divisor of p and 16.
16
Suppose 5*k = 6*k - 2*z - 94, 0 = -2*k + 3*z + 190. What is the highest common factor of k and 14?
14
Suppose -20 = -5*m - 0*m. Calculate the highest common factor of m and 12.
4
Suppose -12*p = -7*p - 40. Calculate the highest common divisor of 20 and p.
4
Let h be ((-15)/10)/((3/32)/(-1)). What is the greatest common factor of 112 and h?
16
Let h be (11/11)/(2/20). Let i = -2 + h. What is the greatest common divisor of 2 and i?
2
Let z = 18 - 8. What is the highest common factor of z and 30?
10
Suppose -t + 2*p + 89 = 4*p, 0 = t + 3*p - 84. Suppose 2*m - 2 = -5*h + 6, -5*h = -2*m + 28. Calculate the highest common factor of m and t.
9
Let p(x) = 5*x**2 + 3*x. Let l be p(3). Let k be (l/(-21))/(-1)*7. Calculate the greatest common divisor of 12 and k.
6
Let z(v) = 5*v**2 + 7*v + 1. Let x(l) = 4*l**2 + 6*l + 1. Let y(w) = -6*x(w) + 5*z(w). Let q be y(3). Calculate the highest common factor of q and 15.
5
Let p be -1 - 19*3/1. Let h = p + 103. Let v(s) = 6*s - 18. Let j be v(6). What is the greatest common factor of h and j?
9
Let m(b) = b**3 + 14*b**2 + 13*b + 3. Let w be m(-13). Suppose -t = -16 + w. What is the highest common divisor of 91 and t?
13
Suppose -g + 280 - 100 = 0. Calculate the highest common factor of 10 and g.
10
Let x be ((-27)/12)/(3/(-32)). Let n be (-4)/(-16)*4*6. Calculate the highest common factor of n and x.
6
Suppose 15 = -7*f + 2*f. Let m = f - -6. Let u = -24 + 45. What is the greatest common factor of m and u?
3
Let n(m) be the third derivative of -m**4/24 - m**3/2 - 3*m**2. Let l be n(-4). Let u be (-12)/(-10)*10/3. What is the greatest common divisor of u and l?
1
Let a be (7 - 3)*(-2)/(-4). What is the highest common factor of a and 2?
2
Let g = -75 - -137. Suppose g = 5*y - 3. Suppose 3*i + 4*h = 441, 0 = 6*i - 2*i - h - 569. What is the greatest common divisor of i and y?
13
Suppose 7*j = 398 + 372. What is the highest common divisor of 44 and j?
22
Let a be 2 + 12 + -2*1. Let h be (9 - 1 - 1)/(-1). Let p = a + h. Calculate the highest common factor of 2 and p.
1
Suppose 0 = -10*h - 9 + 79. What is the greatest common factor of h and 14?
7
Suppose 12 = 2*a - 18. What is the highest common divisor of a and 20?
5
Suppose -10*g = -43 - 117. What is the highest common factor of 16 and g?
16
Let f(q) = 4*q + 7. Let x be f(5). Calculate the greatest common factor of x and 243.
27
Let m = 70 + -53. What is the highest common divisor of m and 34?
17
Let t be 4/(-14) - 651/(-49). What is the highest common factor of t and 104?
13
Suppose -3*s + 172 = -4*c, -s - 3*c - 31 + 84 = 0. What is the greatest common factor of s and 8?
8
Let a = 5 - 1. Suppose -340 = -9*k + a*k. Let u(y) = -2*y + 3. Let n be u(-7). What is the greatest common factor of n and k?
17
Let o(r) = r**2 - 9*r - 16. Let k be o(12). Suppose m - 3*m = -2*y + 24, 3*m - k = -y. Calculate the greatest common divisor of y and 98.
14
Suppose -m + 0*v + 12 = v, 2*m - v - 24 = 0. Calculate the greatest common factor of 18 and m.
6
Suppose -2*v + 7*l + 41 = 2*l, 4*l = -2*v + 14. Let q(z) = 5*z**3 - 4*z**2 + 2*z - 1. Let i be q(3). What is the highest common factor of v and i?
13
Let g be (-13)/(-2)*(7 - 5). What is the greatest common divisor of g and 65?
13
Let u = -138 - -193. What is the greatest common divisor of u and 22?
11
Suppose 3*w + k - 6*k - 6 = 0, 5*w = -5*k + 10. Suppose 3*r - 3*z = 198, -3*r + w*z = -6*r + 188. What is the highest common factor of 160 and r?
32
Suppose 0 = -4*v + l + 42, -l - 38 = -4*v + 2*l. Let m = v - -2. Suppose 3*a - 4*o = 82, 3*o + 3 = -0*o. Calculate the highest common factor of m and a.
13
Suppose -2*j - 102 = -4*v, -5*j = 3 + 2. Suppose -v = -x - 4*x. What is the highest common factor of x and 55?
5
Let u be 424/1 + 8 + -8. Let z = u - 199. Calculate the greatest common factor of z and 25.
25
Suppose -16*w + 112 = -2*w. Calculate the highest common divisor of w and 20.
4
Suppose -5*i + 5*w = -8*i + 141, -4*w - 30 = -i. Calculate the highest common factor of 6 and i.
6
Suppose 90 = -r + 3*r. What is the highest common divisor of 9 and r?
9
Suppose 75 - 15 = u. Let r(t) be the second derivative of -23*t**3/6 + t**2/2 + t. Let o be r(-1). Calculate the highest common divisor of u and o.
12
Suppose 5*w = -40 - 10. Suppose -2*l + 3*l = 0. Let t be l - (-2 + 1 + w). What is the greatest common divisor of t and 55?
11
Let f = 5 + 19. Suppose 5*x + 9 = f. Let j be (-38)/(-3) - (-2)/(-3). What is the greatest common divisor of j and x?
3
Let d(r) = -r**2 + 9*r + 14. Let x be d(10). Suppose 0 = -3*z + z - u + 182, -x*z = 5*u - 370. What is the highest common factor of z and 10?
10
Let m = 0 - -2. Calculate the highest common divisor of m and 3.
1
Suppose 0 = 5*r - 2*r - 210. Suppose 3*n + r = 8*n. Let w be (3/2)/((-3)/(-4)). What is the greatest common divisor of n and w?
2
Suppose -500 = -9*p + 4*p. Suppose 0*l + 4*u - 144 = -4*l, 176 = 4*l - 4*u. Calculate the greatest common factor of p and l.
20
Let q = 11 - 6. Suppose b + 2 = 0, y - b - 59 = 28. Suppose -f + y = -q*k, f - 38 = 4*k + 42. What is the highest common factor of f and 24?
12
Let d(r) = r**2 + 12*r - 8. Let f be d(-14). Suppose -2*p - p + t = -f, t = 5*p - 36. What is the highest common factor of 72 and p?
8
Let f(b) = -26*b**3 + 1. Let h be f(-1). Suppose -2*d - 4*p - 2 = 0, -d = 3*p - 8*p - h. Let l = 20 - 6. Calculate the greatest common factor of d and l.
7
Let m be 2/7 - 80/(-14). Let q = 0 - 7. Let g be 3680/56 + (-2)/q. What is the highest common divisor of g and m?
6
Let f be 1*11 - (-2)/2. Suppose -21 = q - 69. What is the greatest common divisor of f and q?
12
Suppose -3*r + 16 = -14. Let o be (9 - 7)*r/4. What is the highest common divisor of o and 10?
5
Suppose g + 1 = 10. Suppose -c = -g - 10. What is the highest common factor of 76 and c?
19
Let c be 3 + ((-8)/(-2) - 2). Let f = -2 + c. Let m be (f/(-6))/(1/(-12)). Calculate the greatest common divisor of 54 and m.
6
Let s be 1/(1/(-80)*-2). Suppose -33 = -3*m - 2*x, m - 2*x + 0 - 11 = 0. Let u = 27 - m. What is the greatest common factor of s and u?
8
Let k be ((-18)/2)/((-6)/44). Calculate the highest common factor of 6 and k.
6
Suppose 2*n + 32 = 5*n + 4*b, -5*n = -4*b - 64. Calculate the greatest common factor of n and 4.
4
Suppose -4 = -2*w + 20. Suppose -x - x = 4*n - 24, 0 = 4*n + x - 24. Calculate the greatest common factor of n and w.
6
Let w be -1*3 + (0 - -8). Suppose 31 = 2*x + w*n, 0 = 2*x - 2*n - 2*n + 14. Suppose h + 96 = x*h. Calculate the highest common divisor of h and 72.
24
Suppose 2 - 38 = -4*v - 5*a, 0 = -2*v + 5*a + 18. Suppose g - v = -1. What is the highest common divisor of g and 32?
8
Suppose 0 = -11*r + 12*r - 270. What is the greatest common divisor of r and 27?
27
Let n(x) = 23*x**2 - 2*x + 1. Let w be n(1). Let d = 70 + -59. Calculate the greatest common factor of w and d.
11
Let t be 18/(-10)*(-70)/21. Suppose 2*z = -2*p + 22, -z - 5*p - 85 = -t*z. What is the highest common factor of 14 and z?
14
Suppose p - 4*p + 5*r = -445, 3*r = 5*p - 715. What is the highest common divisor of 35 and p?
35
Let b be 4/(-8) + (-15)/(-6). Suppose 108 = 2*p + b*p. What is the highest common factor of p and 18?
9
Suppose -n = -4*m + 35, -5*n - 3*m = -32 + 115. Let q = -7 - n. Suppose 2*f - 58 - 62 = 0. What is the highest common divisor of q and f?
12
Let g be (-28)/8 + 15/(-10). Let n = g - -69. Calculate the greatest common factor of 16 and n.
16
Let b = -7 + 11. Suppose 3*k + 10 = 2*x, -b*k = -2*x - 2*k + 10. Suppose 48 = 4*i - 4*m, 3*i - 2*m = -2*i + 69. Calculate the highest common factor of i and x.
5
Let g(l) = -l**3 + l + 1. Let c be g(-2). Let p